*2 + 40*j - 70. Let w be a(38). What is the greatest common factor of w and b?
6
Suppose 30517*n = 30519*n - 340. What is the highest common divisor of n and 85?
85
Let v(w) = -w**3 - 3*w**2 - 4*w - 7. Let z be 4*2/(-10)*-40. Let r = 29 - z. Let l be v(r). Calculate the highest common divisor of l and 25.
5
Let w be 1518/4 - ((-30)/(-16))/(69/92). Calculate the highest common divisor of w and 169.
13
Suppose -20*d - 305 = -25*d. Suppose 0 = -12*t + d - 1. Calculate the highest common divisor of t and 85.
5
Let f(s) = 693*s**3 + 6*s**2 - 61*s + 170. Let v be f(3). What is the greatest common factor of v and 64?
64
Let t(n) = 8*n**3 - 21*n**2 - 4*n - 20. Let m be t(9). Calculate the highest common factor of m and 489.
163
Let o = 698 + -694. Suppose -7 = -v + o. What is the greatest common divisor of 781 and v?
11
Suppose 4*z + 0*z - 2*n = -432, z = -4*n - 90. Let h be (-23)/46 + z/(-4). Let m = h - -4. What is the highest common factor of 90 and m?
30
Let d be (96/240)/(1 + 89/(-90)). What is the greatest common divisor of d and 828?
36
Let y be (-266)/190 + (-3171)/15*-1 + 3. What is the highest common factor of 6177 and y?
213
Let n(z) = 32*z - 1960. Let l be n(68). What is the highest common divisor of 492 and l?
12
Let z(y) = y**2 - 11*y - 13. Let v be z(-9). Let m = 269 - v. Suppose -6 = -12*n + m. What is the greatest common factor of n and 72?
9
Suppose -6 = 5*b - 61. Suppose -237*k - 168*k = -4455. What is the highest common divisor of k and b?
11
Suppose -47*p + 45*p = -12. Suppose -12*o + p*o = -2304. What is the greatest common divisor of 24 and o?
24
Let s be ((-156)/(-182))/((-2)/(-14)). Suppose -s*a = -318 - 312. What is the highest common factor of 30 and a?
15
Let n be (-7)/(-42) + (-37)/6. Suppose -4*m + 88 = 5*y, 4*m - 7*y + 8*y = 88. Let t = n + m. What is the greatest common divisor of t and 160?
16
Let x = 38 + -2. Suppose -3*m + 2*m = -4*p - x, 0 = -4*m - 5*p + 39. Suppose 36 = 4*l - m. What is the highest common factor of 91 and l?
13
Let t(q) = -16*q - 2. Let g be t(-3). Let w be (-5 - -11 - 10)*((-247)/2 + -3). What is the highest common divisor of w and g?
46
Suppose 0 = -2*v - 2*c - 2, 52*c - 50*c - 14 = 2*v. Let j be (-21)/v*(-620)/(-93). Calculate the greatest common divisor of j and 21.
7
Let t(u) = -177*u**3 + 73*u + 204. Let r be t(-3). What is the highest common divisor of r and 12?
12
Let v(w) = -6*w + 154. Let b be v(12). Let x = 212 + -139. Let q = b - x. Calculate the highest common factor of q and 9.
9
Suppose 12 = -4*p, 5*p = -n - 14 + 2. Suppose -175 = n*j - 193. What is the highest common divisor of 282 and j?
6
Let i(v) = 2*v**3 + 38*v**2 - 82*v + 48. Let j be i(-21). Let c(h) = 2*h**3 - 4*h**2 + 3*h. Let z be c(2). What is the greatest common factor of j and z?
6
Suppose -t + 3*l = -2*t, 5*t - 36 = 3*l. Let w be (t + -9*2)/((-1)/6). Calculate the highest common factor of w and 63.
9
Let r be 5/(-1) + (-9)/((-81)/657). What is the greatest common factor of r and 442?
34
Let v(j) = -j**3 + 5*j**2 + 25*j - 15. Let i = 220 + -214. Let s be v(i). What is the highest common factor of s and 11?
11
Suppose -w - 19 = 4*u + u, 4*u + 26 = w. Let o = -265 - -267. Let f be 48/(w/o) + (8 - 5). What is the greatest common divisor of 95 and f?
19
Suppose m + 16 = 9. Let b = m + 12. Suppose -b*x = -9*x + 72. Calculate the highest common divisor of x and 126.
18
Suppose -d - c + 6*c = -79, -c = -2*d + 203. Let y be (-3)/(-9) - d/(-3). What is the greatest common divisor of 5 and y?
5
Suppose -3*v + 129015 = 5*u, 5*u - 5*v = 6*u - 25825. What is the greatest common factor of u and 100?
100
Suppose 30*q = 27*q + 75. Let u be (-145)/q + 16/20 + 74. What is the highest common divisor of u and 69?
69
Suppose 4*s = 3*g - 62, 2*g + 2*g - 5*s = 83. Let q be (-262)/(-4) + (-11)/(g/3). Calculate the greatest common divisor of 96 and q.
32
Let v(w) = w**3 - 4*w**2 - 23*w + 9. Let y be v(8). Suppose 0 = -a - 2*a + y. Calculate the greatest common factor of 18 and a.
9
Let k(w) = w**2 + 7. Let m be k(10). Let p = m + -73. What is the highest common factor of 238 and p?
34
Let c(a) = 97*a**3 - a - 1. Let p be c(-1). Let h = p + 222. Suppose -i + 50 = -0. What is the greatest common divisor of h and i?
25
Suppose 24*r - 7992 = -58*r + 8*r. Calculate the greatest common factor of 2322 and r.
54
Suppose -3*n + 5*n - 300 = 0. Suppose 0 = 4*d - 16*d + 264. Suppose -b + 4*x = -34, d = 4*b + 2*x - 96. What is the greatest common factor of n and b?
30
Suppose -23*l + 30 = -13*l. Suppose 1585 = 4*z - n, l*z + 13*n - 1191 = 16*n. Calculate the highest common factor of z and 36.
36
Let h(z) = 6*z**2 - 2*z - 2. Let m be h(4). Suppose 378 = -82*k + 85*k. Let f = k - m. Calculate the highest common divisor of f and 30.
10
Let l = 42 - 32. Suppose -2*k = w + 1, -5*w - k - 4*k = -l. Suppose h - 5*p - 11 = 0, -3*h - w = -4*h + 2*p. What is the greatest common divisor of h and 7?
1
Let f(v) = v**2 + v + 36. Let r be f(0). Suppose -64*n + 25*n = -31*n - 1368. What is the highest common divisor of n and r?
9
Let h(z) = z**3 - 10*z**2 - z + 4. Let v(l) = l**3 - 8*l**2 - 8*l - 9. Let r be v(9). Let s be h(r). What is the greatest common divisor of 52 and s?
4
Let x be 20 + ((-192)/(-72))/((-4)/12). Let r be (2 + 12/(-15))*115. Calculate the greatest common divisor of x and r.
6
Let s(r) = 2*r**2 + 5*r - 11. Let o be s(-4). Let g be (9/12)/(5*o/3200). Calculate the highest common factor of 20 and g.
20
Let c(t) = t**2 - 2*t + 3. Let b(d) = d**2 - 2*d + 2. Let r be b(2). Let a be c(r). Suppose -7 - 11 = -a*v. Calculate the highest common factor of 6 and v.
6
Let p = 108 + -22. Suppose 766 = 6*h - 4*n, 2*h - 212*n + 211*n - 256 = 0. Calculate the highest common divisor of p and h.
43
Let v(j) = -5*j + 155. Let i = -407 - -426. Let g be v(i). What is the greatest common factor of g and 48?
12
Suppose 0 = 4*v + 5*h - 52, -3*h - 21 = -5*v + 44. Let n be (-4 - -5)*(-1 + 2). Let a = 92 - n. What is the highest common divisor of a and v?
13
Let c(u) = u**3 + 13*u**2 + 17*u - 54. Let b be c(-10). What is the greatest common divisor of b and 2166?
38
Let c(i) = i**3 - 19*i**2 + 38*i - 72. Let g(s) = -s**2 - s. Let r(v) = c(v) - g(v). Let m be r(16). Calculate the highest common divisor of 920 and m.
40
Suppose -6*j + 158 = 122. Suppose -3*x = -344 - 289. Let w = -97 + x. What is the highest common divisor of w and j?
6
Suppose -20*l - 5812 + 18532 = 0. What is the highest common divisor of 600 and l?
12
Let y be ((-16)/(-6))/(1/21). Let d = y - 55. Let t be ((-70)/6)/(d/(-3)). What is the greatest common factor of 315 and t?
35
Suppose 10*p + 3*z = 5*p - 2475, 517 = -p - 5*z. Let o = p - -493. What is the highest common divisor of 21 and o?
1
Suppose k - 411 = -406. Suppose t = -k*m + 3*t + 815, 150 = m - 3*t. What is the greatest common divisor of m and 132?
33
Suppose -k + d + 902 = 0, 5*k = 7*k - 5*d - 1801. Suppose -597 = -3*o + k. What is the greatest common factor of o and 20?
20
Let p(j) = -j + 21. Let s be p(9). Let v be (0 - 2) + 70*7/2. Let t = v - 159. Calculate the greatest common divisor of t and s.
12
Suppose -15578 - 31846 = -19*o. Calculate the greatest common divisor of o and 364.
52
Suppose 56*a = 12051 + 3259 + 2610. Calculate the greatest common factor of a and 224.
32
Let g be 4 + 448 - (0 + (3 - 10)). Calculate the highest common factor of 816 and g.
51
Let o = 23653 + -20979. Calculate the highest common divisor of o and 126.
14
Let v be ((0 - -3)*-2 - -1)/(-1). Suppose 16 = l + c, l - 2 = v*c + 32. Calculate the highest common factor of 304 and l.
19
Suppose 0*z + 552 = 4*j + 5*z, -2*z + 540 = 4*j. Suppose j = 4*c + 745. Let q = c + 307. What is the greatest common factor of 22 and q?
22
Let k be ((-70)/25)/((130/(-525))/13). What is the highest common divisor of 392 and k?
49
Let a = -123 - -132. Let d be (-8)/36 + -1 + 191/a. Let y be (-56)/(-6)*45/6. Calculate the greatest common divisor of y and d.
10
Let w be -1 + -2 - 0 - (1 + 376). Let z = w - -393. Calculate the highest common divisor of z and 1027.
13
Let i be (20/70)/(1/7). Let v(x) = i + 4 - 5 - 5*x - 2*x + 28*x**2. Let t be v(-1). Calculate the highest common divisor of t and 24.
12
Let d(m) = -36*m - 34. Let w be d(-5). Let p be (7 - 6)*(7 + w). Calculate the highest common 